6. Let w be k(5). Calculate the greatest common factor of w and t.
11
Let g(l) = 3*l**2 + 14*l + 6. Let o be g(-6). Calculate the greatest common factor of o and 75.
15
Let g = -134 - -199. Let z be 1/3 - (-190)/15. What is the highest common factor of z and g?
13
Let g = 114 - 102. Calculate the greatest common factor of 48 and g.
12
Suppose -3*s - 5*v + 18 + 26 = 0, -s = -2*v - 11. Calculate the highest common divisor of s and 13.
13
Suppose -2 = -b - f, 5*b - 4*f + f = -6. Suppose 3*h + g = 26, 2*h - 15 = -3*g - b. Calculate the greatest common factor of h and 3.
3
Let f(q) = -51*q - 1. Let b = -1 + -1. Let k = -3 - b. Let y be f(k). Calculate the highest common factor of y and 20.
10
Let v be -15*1*-4 + 0. Suppose 2*o - v = -3*o. What is the highest common factor of o and 4?
4
Let t = -7 - -28. Calculate the highest common factor of 7 and t.
7
Let s = -5 + 3. Let m be (s/6)/(3/(-117)). Suppose m = 3*q + 2*a - 6, 20 = 2*q + 5*a. Calculate the highest common factor of 40 and q.
5
Let s = -52 - -47. Let l(f) = -4*f + 2*f + f. Let w be l(s). Calculate the greatest common factor of w and 2.
1
Let w(h) = 9*h + 65. Let l be w(0). Calculate the greatest common factor of 5 and l.
5
Let t = -32 + 57. Calculate the highest common divisor of 25 and t.
25
Suppose 3*k = 14 - 2. What is the highest common factor of k and 20?
4
Suppose 0*n = 2*n + 4, -20 = -3*p + 4*n. Calculate the greatest common divisor of p and 20.
4
Let c be 116/(3*10/15). What is the greatest common factor of c and 145?
29
Let g be (-2)/10 - (-462)/10. Suppose 5*v - g = 54. What is the highest common factor of v and 50?
10
Suppose p + 8 = 57. Let a(x) = -2*x - 1. Let j be a(4). Let r be (-57)/j - (-4)/6. What is the greatest common divisor of r and p?
7
Let c(u) = u. Let f be c(4). Suppose 0 = -5*z + 8 + 17. Let n = z - f. What is the highest common divisor of n and 5?
1
Let u = 38 + -23. Suppose -u = 2*x - 51. What is the highest common factor of x and 2?
2
Let o be (-26)/4*(-7)/((-28)/(-16)). Let h be (0 - (-15 - -2))/1. Calculate the highest common factor of o and h.
13
Let i = 16 + -9. Let a(g) = -9*g**2 + 2*g - 2. Let v be a(-3). Let x = -33 - v. Calculate the highest common divisor of i and x.
7
Let t = -3 + 11. Suppose j - t = -0*j. What is the greatest common factor of 20 and j?
4
Let h = 3 + -1. Suppose -5*d = 5, 3*b - h*b = -d + 8. Calculate the greatest common factor of 1 and b.
1
Let f(x) be the first derivative of 3*x**2/2 - 16*x + 5. Let j be f(12). Suppose 71 = -3*u + 551. What is the greatest common divisor of u and j?
20
Let o be ((0 - -4)/(-12))/(2/(-462)). Calculate the greatest common divisor of 11 and o.
11
Suppose -6*h + 60 = 9*h. Suppose -2*k - i = 2*k - 81, -2*k - 3*i + 43 = 0. What is the greatest common divisor of k and h?
4
Let j(m) = m - 2. Let f be j(9). What is the greatest common factor of 28 and f?
7
Let s = -1 + 3. Suppose 0 = 4*g - 2*w - 10, -3*g - 3*w - 1 = -4. Calculate the greatest common divisor of s and g.
2
Let g = 5 + 0. Suppose -g*q + 195 = -55. What is the greatest common divisor of 20 and q?
10
Let z = 31 - 43. Let f = z + 19. Let k(c) = 2*c**2 + 7*c + 6. Let b be k(-5). What is the highest common divisor of b and f?
7
Suppose -5*m = -3*y - 24, -4*m + 8 = -y - 7. Let z = 21 - 3. Let k be -3*(z/(-2) + 2). Calculate the highest common divisor of k and m.
3
Suppose -b + 22 = -4*l + 8*l, -l = -5. Calculate the greatest common factor of b and 1.
1
Suppose 0*m - 16 = -2*m. Suppose 5 - m = -j. Suppose 5*n - j*n - 192 = 0. What is the greatest common factor of n and 12?
12
Let x = 16 + -8. Let s(q) = -q + 1. Let v be s(-1). Calculate the greatest common divisor of x and v.
2
Suppose q = -115 + 29. Let y = q - -122. What is the greatest common divisor of y and 9?
9
Let i be (-6)/(-9) + (-68)/(-6). Calculate the greatest common divisor of 60 and i.
12
Let s be 33/44 - (-93)/4. Suppose -3*r - 2*m - 4 = -r, 19 = 4*r - 5*m. Let j be 34/6 - r/(-3). Calculate the highest common factor of s and j.
6
Suppose 3*c - 27 = 45. What is the greatest common divisor of 2 and c?
2
Suppose 2*h - 3*d - 54 = 0, -4*h - 2*d = -4*d - 108. Calculate the highest common factor of h and 297.
27
Let s(z) = 4*z**2 - 5*z + 1. Let y be s(-4). Let p = 24 - 20. Suppose 0 = -2*h + 2, -p*c + 140 = h + 3*h. What is the highest common divisor of c and y?
17
Let b = 5 + -2. Let t be (b + -1)/(2/55). Suppose -5*r + h + 53 = 0, r - 25 = -5*h - 4. Calculate the highest common divisor of t and r.
11
Let a = 408 - 172. Let c = a + -154. Suppose -5*h - 2*i = -c, -3*i + 15 = -3*h + 60. What is the highest common divisor of 80 and h?
16
Let k be 4/14 - 4088/(-98). What is the greatest common factor of k and 6?
6
Let y be 1/(-2)*108/(-3). Let f be 49/3 + (-2)/6. Let m = f + -7. What is the greatest common factor of m and y?
9
Let a(w) be the first derivative of 2/3*w**3 - w - 1/2*w**2 - 2 + 1/4*w**4. Let r be a(-2). Calculate the highest common factor of r and 4.
1
Let j = 3 + 1. What is the greatest common factor of j and 32?
4
Suppose -2*y + 78 = -22. Suppose 3*n + 3*x - 6 = 0, -15 = 5*x + 5. Let u = n - -14. What is the greatest common factor of u and y?
10
Let n = 24 - 21. Calculate the greatest common factor of n and 24.
3
Let l be 96 + (-3 - 6/(-2)). What is the highest common factor of l and 12?
12
Let x(t) = 2*t**2 - 5*t - 28. Let s be x(6). Calculate the greatest common factor of s and 98.
14
Let i = -57 + 163. Let d = i + -46. Suppose d = -k + 267. What is the greatest common divisor of k and 23?
23
Let g = 10 + 7. Suppose -q + 4*i = 4, -5*q = -0*q - 2*i + 2. Let b be -1 - -2 - -33 - q. What is the greatest common factor of b and g?
17
Suppose -4*v = -5*s + 25, 5*v = 3*s + 4 - 32. Let q be 7 - (s + 1)/2. Calculate the highest common divisor of q and 54.
6
Suppose 0 = 2*l + 5*v - 15 - 50, -2*l = 2*v - 62. What is the greatest common divisor of l and 24?
6
Let s(n) = -6*n. Let w be s(-2). What is the highest common divisor of w and 96?
12
Suppose 0 = -2*x - i + 11, 4*x - 4*i = -13 + 53. Suppose -q + 5 = -63. Let h = q - 12. Calculate the highest common divisor of h and x.
7
Suppose 3*a - 1 = 71. Calculate the highest common factor of a and 12.
12
Let z be (-3)/(-5) + (-304)/40. Let u = z + 23. What is the greatest common factor of 24 and u?
8
Suppose 5*f - f = -8. Let y = -5 - f. Let c be (12/2)/(y/(-8)). Calculate the highest common factor of 80 and c.
16
Let c = 22 - 3. Let h = c + 3. Calculate the greatest common factor of h and 33.
11
Suppose 0 = -2*c + 10, -6*t + t + 2*c = -25. Suppose -37 = -2*b + t. Calculate the greatest common factor of 2 and b.
2
Let u(a) = -10*a - 1. Let k = -8 + 10. Let n be u(k). Let h = n + 39. What is the greatest common factor of 45 and h?
9
Let d(z) = z**3 + 9*z**2 + 6*z - 8. Let f be d(-7). Calculate the greatest common divisor of 12 and f.
12
Let o(t) = t**3 + 21*t**2 + 15. Let q be o(-21). What is the highest common divisor of 135 and q?
15
Let n(k) = -k. Let d be n(2). Let r be (11/(-2))/(1/d). Calculate the greatest common factor of r and 77.
11
Let r = -13 - -33. Let m = 805 + -585. What is the highest common divisor of r and m?
20
Let p(f) = -13*f + 12. Let s be p(-4). What is the highest common divisor of s and 16?
16
Suppose -8*n + 3*n + 165 = 0. Let k = n - 20. What is the highest common divisor of 52 and k?
13
Let v(f) = 9*f**2 + 6*f + 6. Let d(z) = -4*z. Let m be d(1). Let l be v(m). Suppose -y = 2*y - l. Calculate the highest common divisor of y and 6.
6
Let b = 62 - 54. Calculate the highest common divisor of 56 and b.
8
Let l be (-27)/6*(-2 + 0). Calculate the greatest common divisor of l and 3.
3
Suppose 3*l - 5*l = 0. Let d = 112 - -190. Suppose 5*o + j - d = l, 0*o - 4*o + 3*j = -234. Calculate the greatest common factor of 24 and o.
12
Suppose 8*b - 10*b + 114 = 0. Suppose 4*c + 1 = -2*f + 9, -3*c = -3*f + b. Calculate the highest common factor of f and 2.
2
Suppose q - 8 = 5*t, 0*q - 3*q = -5*t - 4. Let r be (-104)/(-6) - q/(-6). What is the greatest common factor of r and 34?
17
Let f = 12 - 22. Suppose 0 = -h - 3, 3*y + h - 5*h = -6. Let w be 20/y*12/f. What is the greatest common factor of w and 2?
2
Suppose 0*p + p = 1. Let m be ((-2)/(-4))/(12/408). Let z = 18 - m. What is the highest common factor of z and p?
1
Suppose 0*c 